{"id":306,"date":"2023-03-07T13:33:20","date_gmt":"2023-03-07T13:33:20","guid":{"rendered":"http:\/\/barakovic.pmf.untz.ba\/?page_id=306"},"modified":"2026-02-24T12:48:01","modified_gmt":"2026-02-24T12:48:01","slug":"matematika-ii-fet","status":"publish","type":"page","link":"http:\/\/barakovic.pmf.untz.ba\/?page_id=306","title":{"rendered":"Matematika II (FET)"},"content":{"rendered":"\n<h1 class=\"wp-block-heading\">Matematika  II<\/h1>\n\n\n\n<p>Dobro do\u0161li! Ovo je stranica posve\u0107ena predavanjima i vje\u017ebama iz predmeta Matematika II koji se slu\u0161a na prvoj godini na Fakultetu elektrotehnike sa fondom sati od 3 \u010dasa sedmi\u010dno predavanja i 2 \u010dasa sedmi\u010dno vje\u017ebi.<\/p>\n\n\n\n<p>Termin predavanja: <br>PONEDJELJAK 13:00-16:00 Filozofski fakultet A2.<\/p>\n\n\n\n<p>Termini konsultacija u kabinetu 20 (Dekanat PMF-a) su:<br>UTORAK 9:00-11:00<\/p>\n\n\n\n<p>Termini zavr\u0161nog i popravnih ispita:<\/p>\n\n\n\n<figure class=\"wp-block-table is-style-stripes\"><table><tbody><tr><td class=\"has-text-align-center\" data-align=\"center\">JANUARSKO-FEBRAUARSKI<\/td><td class=\"has-text-align-center\" data-align=\"center\">JUNSKO-JULSKI<\/td><td class=\"has-text-align-center\" data-align=\"center\">SEPTEMBARSKI<\/td><td class=\"has-text-align-center\" data-align=\"center\">VRIJEME<\/td><td class=\"has-text-align-center\" data-align=\"center\">KABINET<\/td><\/tr><tr><td class=\"has-text-align-center\" data-align=\"center\"><\/td><td class=\"has-text-align-center\" data-align=\"center\"><\/td><td class=\"has-text-align-center\" data-align=\"center\"><\/td><td class=\"has-text-align-center\" data-align=\"center\"><\/td><td class=\"has-text-align-center\" data-align=\"center\">A2, FF009, GMM<\/td><\/tr><tr><td class=\"has-text-align-center\" data-align=\"center\"><\/td><td class=\"has-text-align-center\" data-align=\"center\"><\/td><td class=\"has-text-align-center\" data-align=\"center\"><\/td><td class=\"has-text-align-center\" data-align=\"center\"><\/td><td class=\"has-text-align-center\" data-align=\"center\">A2, FF009, GMM<\/td><\/tr><\/tbody><\/table><\/figure>\n\n\n\n<p>Predavanja kako budu napredovala mo\u017eete na\u0107i ovdje.<\/p>\n\n\n\n<ul>\n<li><a rel=\"noreferrer noopener\" href=\"http:\/\/barakovic.pmf.untz.ba\/wp-content\/uploads\/2023\/03\/NizoviRedoviFET-1.pdf\" data-type=\"URL\" data-id=\"http:\/\/barakovic.pmf.untz.ba\/wp-content\/uploads\/2023\/03\/NizoviRedoviFET-1.pdf\" target=\"_blank\">Numeri\u010dki nizovi i redovi.<\/a><\/li>\n\n\n\n<li><a rel=\"noreferrer noopener\" href=\"http:\/\/barakovic.pmf.untz.ba\/wp-content\/uploads\/2023\/03\/Diferencijalnejednacine2023.pdf\" data-type=\"URL\" data-id=\"http:\/\/barakovic.pmf.untz.ba\/wp-content\/uploads\/2023\/03\/Diferencijalnejednacine2023.pdf\" target=\"_blank\">Diferencijalne jedna\u010dine.<\/a><\/li>\n\n\n\n<li><a rel=\"noreferrer noopener\" href=\"http:\/\/barakovic.pmf.untz.ba\/wp-content\/uploads\/2023\/04\/FVP_1.pdf\" data-type=\"URL\" data-id=\"http:\/\/barakovic.pmf.untz.ba\/wp-content\/uploads\/2023\/04\/FVP_1.pdf\" target=\"_blank\">Funkcije vi\u0161e promjenljivih<\/a> (grani\u010dna vrijednost i neprekidnost).<\/li>\n\n\n\n<li><a rel=\"noreferrer noopener\" href=\"http:\/\/barakovic.pmf.untz.ba\/wp-content\/uploads\/2023\/05\/DiferencijabilnostFVP.pdf\" data-type=\"URL\" data-id=\"http:\/\/barakovic.pmf.untz.ba\/wp-content\/uploads\/2023\/05\/DiferencijabilnostFVP.pdf\" target=\"_blank\">Funkcije vi\u0161e promjenljivih<\/a> (diferencijalni ra\u010dun).<\/li>\n\n\n\n<li><a href=\"http:\/\/barakovic.pmf.untz.ba\/wp-content\/uploads\/2023\/06\/VisestrukiIntegrali.pdf\" data-type=\"URL\" data-id=\"http:\/\/barakovic.pmf.untz.ba\/wp-content\/uploads\/2023\/06\/VisestrukiIntegrali.pdf\">Funkcije vi\u0161e promjenljivih<\/a> (vi\u0161estruki integrali).<\/li>\n\n\n\n<li><a href=\"http:\/\/barakovic.pmf.untz.ba\/wp-content\/uploads\/2023\/06\/KrivolinijskiIntegral.pdf\" data-type=\"URL\" data-id=\"http:\/\/barakovic.pmf.untz.ba\/wp-content\/uploads\/2023\/06\/KrivolinijskiIntegral.pdf\" target=\"_blank\" rel=\"noreferrer noopener\">Funkcije vi\u0161e promjenljivih <\/a>(krivolinijski integral).<\/li>\n<\/ul>\n\n\n\n<p>Rezultati ispita:<\/p>\n\n\n\n<p class=\"has-small-font-size\">Skripta predavanja nije ud\u017ebenik. Zadr\u017eavam pravo da imaju \u0161tamparske gre\u0161ke kao i matemati\u010dke gre\u0161ke u njima &#8211; pozivam vas da mi uka\u017eete na njih ukoliko ih primjetite! Svi materijali su u PDF formatu za \u010dije \u010ditanje je neophodan <a rel=\"noreferrer noopener\" href=\"https:\/\/get.adobe.com\/reader\/\" data-type=\"URL\" data-id=\"https:\/\/get.adobe.com\/reader\/\" target=\"_blank\">Acrobat Reader.<\/a><\/p>\n","protected":false},"excerpt":{"rendered":"<p>Matematika II Dobro do\u0161li! Ovo je stranica posve\u0107ena predavanjima i vje\u017ebama iz predmeta Matematika II koji se slu\u0161a na prvoj godini na Fakultetu elektrotehnike sa fondom sati od 3 \u010dasa sedmi\u010dno predavanja i 2 \u010dasa sedmi\u010dno vje\u017ebi. Termin predavanja: PONEDJELJAK 13:00-16:00 Filozofski fakultet A2. Termini konsultacija u kabinetu 20 (Dekanat PMF-a) su:UTORAK 9:00-11:00 Termini zavr\u0161nog<\/p>\n<div class=\"more-link\">\n\t\t\t\t <a href=\"http:\/\/barakovic.pmf.untz.ba\/?page_id=306\" class=\"link-btn theme-btn\"><span>Read More <\/span> <i class=\"fa fa-caret-right\"><\/i><\/a>\n\t\t\t<\/div>\n","protected":false},"author":1,"featured_media":0,"parent":0,"menu_order":0,"comment_status":"closed","ping_status":"closed","template":"","meta":{"footnotes":""},"_links":{"self":[{"href":"http:\/\/barakovic.pmf.untz.ba\/index.php?rest_route=\/wp\/v2\/pages\/306"}],"collection":[{"href":"http:\/\/barakovic.pmf.untz.ba\/index.php?rest_route=\/wp\/v2\/pages"}],"about":[{"href":"http:\/\/barakovic.pmf.untz.ba\/index.php?rest_route=\/wp\/v2\/types\/page"}],"author":[{"embeddable":true,"href":"http:\/\/barakovic.pmf.untz.ba\/index.php?rest_route=\/wp\/v2\/users\/1"}],"replies":[{"embeddable":true,"href":"http:\/\/barakovic.pmf.untz.ba\/index.php?rest_route=%2Fwp%2Fv2%2Fcomments&post=306"}],"version-history":[{"count":10,"href":"http:\/\/barakovic.pmf.untz.ba\/index.php?rest_route=\/wp\/v2\/pages\/306\/revisions"}],"predecessor-version":[{"id":349,"href":"http:\/\/barakovic.pmf.untz.ba\/index.php?rest_route=\/wp\/v2\/pages\/306\/revisions\/349"}],"wp:attachment":[{"href":"http:\/\/barakovic.pmf.untz.ba\/index.php?rest_route=%2Fwp%2Fv2%2Fmedia&parent=306"}],"curies":[{"name":"wp","href":"https:\/\/api.w.org\/{rel}","templated":true}]}}